re the prime factors of k?
2
What are the prime factors of 5046/36 + 5/(-30)?
2, 5, 7
Let a be 1*(-2 + 10) + -2. Let q(g) = 15*g**3 - 22*g**2 - g - 12. Let f(i) = 7*i**3 - 11*i**2 - 6. Let w(n) = a*q(n) - 13*f(n). List the prime factors of w(10).
2, 23
Suppose -4*o + 135 = -o. Let r be o/18 + 1/2. Suppose r*g = -p - 2*p + 138, 0 = 5*g - 5*p - 190. What are the prime factors of g?
2, 3, 7
Let g be (-3 - 0)*80/(-6). Suppose -l + 6*l = g. Suppose -66 = -3*t - f, 2*t - 5*f = 3*t - l. List the prime factors of t.
23
Let t(y) = -12*y**2 - 2*y + 2. Let w be t(-2). Let d = -37 - w. List the prime factors of d.
5
Suppose 4 = 2*k + p + 3, 16 = 5*k - 2*p. Suppose -z - k*m + 24 = 0, -4*z - m + 144 = -5*m. Suppose 8*w - 7*w - z = 0. List the prime factors of w.
2
List the prime factors of ((15/(-6))/(-5))/((-2)/(-1200)).
2, 3, 5
Let k(w) = 10*w**2 + 2*w + 2. Let x be k(-2). Suppose 40 = -3*a + 7*a + 5*v, 4*a - 2*v = 12. Suppose a*o = x + 132. List the prime factors of o.
2, 17
Suppose 2*g = g + 31. Suppose g*d = 29*d + 106. List the prime factors of d.
53
Suppose 5*f = 3*z - 133, -2*z + 0*z - 76 = 3*f. Let s be (3/2)/((-9)/(-462)). Let n = f + s. What are the prime factors of n?
3, 17
Suppose 4*y + 9 = y. Let m(n) = -37*n + 1. List the prime factors of m(y).
2, 7
What are the prime factors of 365 + (5 - -1)/3?
367
Let y(b) = 33*b. Let g be y(-2). Suppose -2*m - 96 = -5*c, -3*m + 4*c = m + 180. Let h = m - g. List the prime factors of h.
23
Let m(h) = 3*h + 12. Suppose 4*c - 35 = -11. List the prime factors of m(c).
2, 3, 5
Let s be 6*(0 - (-23)/2). Let y(l) = l**2 + 11*l - 4. Let d be y(-5). Let h = s + d. List the prime factors of h.
5, 7
Let m be ((-3 - -2) + 1)/(-1). Let l be (14/42)/(5/(-6) - -1). Suppose m = -u + l*u - 43. What are the prime factors of u?
43
Let z = 3 - -1. Let c be 8/(z + 0) + 0. What are the prime factors of -1 + (-4)/c + 18?
3, 5
Suppose 0*u - u - 57 = -4*m, u + 42 = 3*m. Suppose -m = b + 7*y - 2*y, y + 9 = b. Suppose -b*h + 100 = -0*h. List the prime factors of h.
2, 5
Suppose 7*p - b = 5*p + 25, 3*p - 39 = 3*b. Let v = p + 2. What are the prime factors of v?
2, 7
Suppose -3*q = -4*u - 240, q + 0*u - 3*u = 75. Suppose 0 = -n - z + q, -2*z - 445 + 109 = -4*n. List the prime factors of n.
2, 3, 7
Suppose 5*m + 9 = -11. Let g be 6 + 2 + 12/m. Suppose 72 = -g*n + 257. What are the prime factors of n?
37
Let z = -3 - 10. Let j = 53 + z. List the prime factors of j.
2, 5
What are the prime factors of 619058/171 - ((-20)/(-18))/5?
2, 5, 181
Suppose -4*d + 8 = 3*g, -5*g = 3*d - 4*d - 21. Suppose -g*t + 262 = -2*c, 0 = -2*t + 3*c - 5*c + 134. What are the prime factors of t?
2, 3, 11
Suppose -40 = -13*b + 3*b. Suppose 0 = 5*z + 15, b*o - 274 = 3*o + z. List the prime factors of o.
271
Let q(f) = f**3 + 7*f**2 - 2*f + 1. Let x be q(-7). List the prime factors of (-9)/x + 84/15.
5
Let d(a) = 428*a**2 - a + 1. Let q be d(1). Suppose q + 172 = 6*n. List the prime factors of n.
2, 5
Suppose 49*o = 40*o + 6507. List the prime factors of o.
3, 241
Let t = -4 + 1. List the prime factors of 4/1*t*136/(-24).
2, 17
Let z(g) = -g - 2. Let o be (-56)/9 + 8/36. Let w be z(o). Suppose -3*s - 4*t = t - 140, -216 = -5*s - w*t. What are the prime factors of s?
2, 5
Suppose -9*k + 3*k = 60. List the prime factors of (-636)/k + 18/45.
2
Let a(p) = 13*p**2 + 22*p - 9. What are the prime factors of a(-6)?
3, 109
Suppose 2*r + 130 = 4*r. Let i be 8/(-2) + -2 + r. Suppose -2*c + i = -25. What are the prime factors of c?
2, 3, 7
Let o be (60/8)/((-4)/(-216)). Suppose 3*i + 2*i + o = 0. List the prime factors of (i + -1)*(-4)/8.
41
Let z be 12 - (-3 + (-4 - -9)). What are the prime factors of (2 + -1)*-86*(-5)/z?
43
Let m = -1 + 3. Suppose 6*w = m*w - 4. List the prime factors of (-25)/w - (10 + -11).
2, 13
What are the prime factors of 9345/3 + 9 + -19?
3, 5, 23
Let a = -4618 - -7887. List the prime factors of a.
7, 467
Let k(c) = 2*c**3 + 36*c**2 + c - 10. What are the prime factors of k(-9)?
1439
Let l = 1 + -6. Let o(p) = -21*p**2 + 44*p**2 - 22*p**2 - 8. List the prime factors of o(l).
17
Suppose 0 = 3*p - 0*p. Suppose p = 2*c + 5*h + 146, 3*c - 3*h - 346 = 8*c. Let y = 121 + c. List the prime factors of y.
53
Let v be ((-1)/(-2) - 2) + (-35)/(-10). Suppose -4 = -2*h, -70 - 196 = -v*m + 5*h. List the prime factors of m.
2, 3, 23
Let r be (-2424)/(-16) + (-2)/(-4). Let x(a) = -r - 2*a + 3*a + 200. What are the prime factors of x(0)?
2, 3
Let r(v) = 80*v + 116. What are the prime factors of r(13)?
2, 17
List the prime factors of ((-1)/(-1))/(14/2702).
193
Let v be (-40)/(-15) + 4/(-6). Suppose 2*y + 173 = v*d + 7*y, -5*y = -2*d + 123. List the prime factors of d.
2, 37
Suppose -17*b + 6911 = -1623. List the prime factors of b.
2, 251
Suppose -2*k + 3394 - 1026 = -2*u, -4*u = 16. What are the prime factors of k?
2, 5, 59
Suppose 35*m - 12631 = 18*m. List the prime factors of m.
743
Suppose -3*g - 2*l = -6538, -4*g + 2*l + 1794 + 6900 = 0. What are the prime factors of g?
2, 17
Let s be 267*(-8)/12 + 5. Let m = s - -294. List the prime factors of m.
11
Suppose 0 = 4*c - 215 - 77. Let k = c + -52. List the prime factors of k.
3, 7
Let d(w) = -19*w - 5 + 28*w - 1. List the prime factors of d(18).
2, 3, 13
List the prime factors of (12/(-8))/(-2*(-7)/(-3220)).
3, 5, 23
Let r = 4535 + -2089. What are the prime factors of r?
2, 1223
Suppose 5*v - 3 = -4*k - 0*k, v + 3*k = 5. Let w be ((0/v)/(-4))/1. Suppose -3*h + 93 = -w*h. What are the prime factors of h?
31
Suppose i + 2530 = 6*i. Suppose 5*q - 7*q = -i. List the prime factors of q.
11, 23
Let s = 55 + 10. Let c be (s/39)/((-1)/(-3)). Let y = 44 - c. What are the prime factors of y?
3, 13
Let j(x) = 6*x**2 + 29*x - 11. Let q(z) = z**2 + 6*z - 2. Let b(g) = -2*j(g) + 11*q(g). Let f be b(8). Suppose f = -2*m + 92 - 4. List the prime factors of m.
2, 11
What are the prime factors of ((-12)/(-30))/(12/(-2195))*-6?
439
Let i = -12 - -3. Let o be ((-15)/i - 3)*-96. List the prime factors of o/14 + 2/(-14).
3
What are the prime factors of ((-6)/4)/(30/(-35820))?
3, 199
Suppose 7*a - 11*a - 20 = 0, -3*k = a - 43. List the prime factors of k.
2
Let g = -1096 + 1826. Let b = g - 463. List the prime factors of b.
3, 89
Suppose 37*v = 63*v - 49062. List the prime factors of v.
3, 17, 37
Let h be ((-2)/4)/(10/(-60)). Suppose h*b = 9*b - 132. What are the prime factors of b?
2, 11
Suppose -1428 = -9*l - 8*l. List the prime factors of l.
2, 3, 7
Let u(y) = 8*y**3 + y - 1. Let j be u(1). Let m be (-14)/(-4)*(-7)/((-42)/(-12)). Let w = j - m. What are the prime factors of w?
3, 5
Let r(s) = s**2 + 19*s + 13. Suppose 6*c = -131 + 11. List the prime factors of r(c).
3, 11
Let s = -34 - -31. List the prime factors of (-16 + 160)*(0 + (-2)/s).
2, 3
Let j(x) = x**2 - 18*x + 2. Let w(f) = 1. Let b(h) = -j(h) + 6*w(h). List the prime factors of b(11).
3
Let h be 2*-5 - (1 + -2). Let c(t) = -t**3 - 8*t**2 + 8*t - 4. Let d be c(h). Suppose 58 = -3*w + d*w. List the prime factors of w.
29
Suppose 0 = -8*b - 3*b + 12155. What are the prime factors of b?
5, 13, 17
Let v be (-1 + 3)/((-2)/(-4)). Suppose 9*w = v*w. Let i(h) = h + 15. What are the prime factors of i(w)?
3, 5
Let a = 112 + -125. What are the prime factors of (((-455)/14)/a)/((-1)/(-78))?
3, 5, 13
Let r(w) = -w**3 + 9*w**2 - 14*w + 13. Let s be r(7). Let p(n) = n - 6. What are the prime factors of p(s)?
7
Suppose 0*j + 13 = 5*g - j, -3*j - 3 = 3*g. Suppose -g*p - 46 = -5*w, 0 = -2*w - 0*p + p + 19. What are the prime factors of 20/(0 - w/(-12))?
2, 3, 5
Let p(m) = -m**3 + 9*m**2 - 6*m - 2. Let z be 7 - (-2)/(-1) - -1. List the prime factors of p(z).
2, 5, 7
Suppose 5*r = 143 + 117. Let d = -40 + r. List the prime factors of d.
2, 3
Let m = 58 + -7. Let z = m + -49. What are the prime factors of z?
2
Let n(j) be the first derivative of 0*j + 0*j**2 - 25/4*j**4 - 1/3*j**3 + 4. What are the prime factors of n(-1)?
2, 3
Let z(a) = a**2 - 27*a + 31. List the prime factors of z(37).
401
Let c = -18 + 34. Let u be 936/c + 1/2. Let t = 82 - u. What are the prime factors of t?
23
Let f(d) = -262*d + 11. Let c = 3 - 4. List the prime factors of f(c).
3, 7, 13
Let o(q) = 38*q**2 + 80*q - 24. List the prime factors of o(-6).
2, 3
List the prime factors of (-1)/(6/(-2790 + -6)).
2, 233
Let 